or of c and q?
7
Let v(w) = -w**2 - 5*w - 1. Let p be v(-4). Let y(z) = 5*z**2 - 10*z**2 + 6*z + 6 - z**p - z. Let g be y(-6). What is the highest common factor of g and 48?
12
Suppose 96 - 94 = f. Let b = 1 + -1. Let c be (0 - -2) + b/(-1). Calculate the highest common factor of f and c.
2
Let i(q) = 44*q - 2. Let k be i(2). Suppose 4*w - k = -14. What is the greatest common divisor of w and 45?
9
Let a = 197 - 171. What is the highest common divisor of 91 and a?
13
Let c = -90 - -98. What is the greatest common divisor of 2 and c?
2
Let h be (-1984)/(-10) - 2/5. Let g be -9*-2*(-1)/2. Let z be g*2/4*-4. Calculate the highest common divisor of h and z.
18
Let x(s) = s**2 + 3*s + 5. Let b be x(-4). Let k be (12/(-8))/((-3)/4). Suppose -l + 5*l = -4, -4*l - 10 = -k*a. Calculate the highest common factor of b and a.
3
Let a = 33 - 17. Suppose -2*q + 144 = 2*v, 0*v - q + 276 = 4*v. Let c = v + -28. Calculate the greatest common factor of c and a.
8
Let d(p) = -20*p + 3. Let y be d(-1). What is the highest common factor of 207 and y?
23
Suppose -7*r = 2*s - 2*r - 294, -5*s = 3*r - 735. Let m(q) = -q**2 + 9*q + 1. Let j be m(4). What is the highest common divisor of s and j?
21
Let x be -1*((-16)/4 + 3)*55. What is the highest common factor of x and 11?
11
Suppose 5*d = 4*u - 4 - 16, -5*d + 25 = 5*u. Suppose -u*w - 3*s = -4*s + 12, -s = w. Let j be 6*(w + 1)*-1. What is the greatest common factor of 18 and j?
6
Let p(n) be the second derivative of 3*n**4/2 + n**3/6 - n**2/2 - 3*n. Let z be p(1). What is the greatest common divisor of z and 54?
18
Let v = 12 - 7. Suppose -l = -v*c - 5*l + 75, -l - 17 = -2*c. Suppose -3*d + 2*d + c = 0. Calculate the highest common divisor of d and 11.
11
Let a = 6 - 4. Let s(u) = 6*u**3. Let b be s(a). Let z = 10 + -4. What is the greatest common factor of b and z?
6
Suppose -5*i + 4*i + 7 = 0. Let l(u) = -u**3 - 6*u**2 + 8*u - 8. Let d be l(-8). Suppose 0*o - d = -o. What is the greatest common divisor of o and i?
7
Suppose k = 5*k. Suppose k = -5*s + s + 64. What is the greatest common factor of s and 16?
16
Let g(w) = 143*w**2 + 2*w - 1. Let x be g(1). Calculate the greatest common factor of x and 18.
18
Suppose -2*y - 3 - 13 = 0. Let i(v) = 5 + 5 + 1 + v. Let j be i(y). What is the greatest common factor of j and 2?
1
Suppose 9*m - 6*m - 60 = 0. Calculate the highest common divisor of m and 30.
10
Suppose -4*a + 297 = -247. Let r = 96 - a. Let c be 8/r - 22/(-10). What is the highest common divisor of c and 10?
2
Let t = 24 + 32. Suppose -5*q + t - 16 = 0. Suppose 3*b - 2*b = 8. Calculate the greatest common factor of b and q.
8
Suppose 0*x + 2*d - 10 = -4*x, x + d = 3. Suppose u = -5*k - 34, -5*u = -0*k + x*k + 55. Let v be 3/u*0 - -6. What is the greatest common factor of 24 and v?
6
Suppose 5*t + 2*g = 48, 4*g + 19 = 2*t + 5*g. Suppose -260 = -3*p - 4*v, 0 = 5*p - v + 4*v - 415. What is the greatest common factor of p and t?
10
Let z(t) = t - 8. Let f be z(0). Let p be (f/10)/(1/(-5)). Suppose 3*k + 35 + 1 = 4*n, -n - 4*k = 10. What is the highest common divisor of p and n?
2
Let z be (14 - -1)*24/15. What is the greatest common factor of z and 36?
12
Let n = 52 + -87. Let q be 103/7 - 10/n. Let d(c) = 8*c**2 + 7*c + 5. Let a be d(-4). What is the greatest common divisor of q and a?
15
Suppose -3*j + 23 = j - 3*b, 4*j = 5*b + 33. Suppose -j*l + 60 - 12 = 0. Calculate the highest common divisor of 3 and l.
3
Let v = 0 - -1. Let m = v - -6. Let j(s) = 25*s - 1. Let h be j(2). What is the highest common factor of m and h?
7
Suppose -3*f = -40 - 20. Calculate the highest common factor of 140 and f.
20
Suppose z - 6*a = -3*a + 147, 3*z = 2*a + 441. Calculate the highest common factor of z and 21.
21
Let l be 1/(3/(-9)) + 251. Calculate the greatest common divisor of l and 31.
31
Let m = -29 + 41. Suppose 0 = 5*j - 0*j - 240. What is the highest common divisor of m and j?
12
Suppose 4*v - 23 = 41. Suppose 48 = -5*f - 42. Let x = f - -26. What is the highest common divisor of v and x?
8
Let i(s) = -s**3 + 8*s**2 + 9*s + 6. Let w = -7 + 10. Let j be 9*w*2/6. Let v be i(j). What is the highest common factor of v and 9?
3
Suppose a - 12 - 2 = 0. Calculate the greatest common factor of a and 126.
14
Let k = 36 + -24. Suppose -r + 4*r = -k. Let v be 2 - 1*(r - -2). What is the highest common factor of v and 1?
1
Let s = -109 - -64. Let a be s/(-6)*10/15. Calculate the greatest common factor of a and 1.
1
Suppose -s - u + 18 = 0, 16 = 2*s - 5*u + 2*u. Calculate the highest common divisor of s and 112.
14
Let k = 98 + -54. Calculate the highest common factor of k and 4.
4
Let v = 653 - 400. Calculate the greatest common divisor of v and 23.
23
Let q = -107 + 162. Let r(p) = -p - 26. Let n be r(0). Let l = 48 + n. What is the greatest common factor of l and q?
11
Let m(s) = s**2 - 6*s. Let w be m(7). Suppose 4*i + 150 = w*i. Calculate the highest common divisor of 10 and i.
10
Let u(q) = 362*q**2. Let y be u(1). Let m = y + -252. Let c be (-58)/(-6) - 3/(-9). What is the greatest common divisor of m and c?
10
Suppose 10*j - 75 = 7*j. What is the highest common factor of 10 and j?
5
Let v = 21 - 35. Let c be 2*(-3)/(6/v). What is the greatest common factor of c and 35?
7
Suppose 0 = 2*b + k - 26, -2*b = -5*b - 5*k + 32. Calculate the highest common divisor of b and 7.
7
Let g(n) = n**2 - 2*n - 5. Let v be g(-3). Let r be (2/(-3))/1*-45. Calculate the greatest common divisor of r and v.
10
Let k be (-6)/(-8) + 2/8. Suppose 0 = -0*a + 3*a - 60. Let m be 6*(-3 + a/6). What is the greatest common factor of k and m?
1
Let w(q) = 15*q - 9. Let i be w(3). What is the greatest common factor of 9 and i?
9
Let t be (2/(-6))/((-2)/18). Suppose -t*u = 12, 5*u - 52 = 2*y - 5*y. What is the greatest common divisor of y and 60?
12
Suppose -2*j = -4 + 2. Suppose 12*b = 83 - 11. What is the greatest common factor of j and b?
1
Let l(z) = -9*z - 26. Let b be l(-13). Calculate the highest common factor of 26 and b.
13
Let g = -16 + 24. Calculate the highest common divisor of 16 and g.
8
Suppose 8*y - 127 - 81 = 0. Suppose -3*w - 34 = -3*i + 29, -125 = -5*i + w. What is the highest common divisor of y and i?
26
Let h = 11 - 8. What is the highest common divisor of 15 and h?
3
Suppose -97 = -5*w + 5*g + 58, -98 = -3*w + 4*g. Suppose w = -0*y + 2*y - 2*s, -51 = -2*y - 3*s. Calculate the greatest common factor of y and 27.
9
Let d = 409 + -166. Let v = 100 + -73. Calculate the greatest common divisor of d and v.
27
Suppose -7*h + 40 = -2*h. Calculate the greatest common divisor of 40 and h.
8
Suppose -5*m + 17 = 2*k, -2*k - 2*m = 2*k - 74. Calculate the greatest common divisor of 168 and k.
21
Let u = 9 - -42. Suppose 0*a + 3*n - u = -3*a, 5*n = 5*a - 45. Calculate the highest common divisor of 39 and a.
13
Let f(t) = -t**2 - 5*t - 2. Let i be f(-3). Suppose -28 = -4*y - i*b, -4*b = -3*y - 5 - 9. What is the highest common divisor of y and 14?
2
Suppose -4*f + 73 + 83 = 0. Let x(c) = 2*c**2 + 5*c + 3. Let a be x(-3). Let b = f - a. What is the highest common divisor of b and 22?
11
Suppose -5*t = -5*n - 10, -t + 5*n - 2 = -4. Suppose 15 = 5*d - t*d. Calculate the greatest common factor of d and 30.
5
Let q(g) = 30*g + 32. Let i be q(7). Calculate the greatest common factor of i and 22.
22
Let g be (-2)/4 + 4/((-16)/(-942)). What is the greatest common factor of g and 47?
47
Let m(n) = -n**3 + 6*n**2 + 2*n - 8. Let c be m(6). What is the highest common divisor of c and 6?
2
Suppose 5*k - 259 = 156. Let z = 123 - k. Let d be (-54)/(-3) - (3 - 1). Calculate the highest common divisor of d and z.
8
Let k = -25 + 16. Let q be k/21 + (-3092)/(-28). Calculate the greatest common divisor of 22 and q.
22
Let k(y) = -14*y - 2. Let n be k(-3). Let b = 15 - 11. Suppose b*v = -0*v + 80. Calculate the highest common factor of n and v.
20
Suppose 1 = -2*o + c + 39, o - c = 20. Suppose 5*s + j = -o + 83, 0 = 5*s - 2*j - 80. Calculate the highest common divisor of 28 and s.
14
Let n = -6 + 10. Let t = -3 + n. Let w(g) = 25*g**3 - g**2 + g - 1. Let o be w(t). What is the highest common divisor of 6 and o?
6
Suppose -6*h - 4*h = -2380. Calculate the greatest common factor of 34 and h.
34
Let x(z) = 3*z**3 - 2*z**2 + 4*z - 4. Let r be x(2). Calculate the highest